base 15) to base 10
-43
-1 (base 14) to base 4
-1
Convert 0 (base 16) to base 12.
0
What is -8 (base 14) in base 15?
-8
Convert 1 (base 12) to base 3.
1
-12 (base 16) to base 13
-15
-3 (base 10) to base 15
-3
15 (base 9) to base 14
10
355 (base 10) to base 11
2a3
What is -11100 (base 3) in base 15?
-7c
What is -1 (base 11) in base 12?
-1
Convert -3021 (base 5) to base 11.
-321
What is -18 (base 14) in base 11?
-20
What is 330 (base 4) in base 14?
44
58 (base 13) to base 2
1001001
Convert -aa (base 16) to base 12.
-122
Convert -130 (base 6) to base 16.
-36
Convert 3 (base 6) to base 11.
3
-220 (base 3) to base 14
-1a
-1011 (base 2) to base 13
-b
Convert 93 (base 13) to base 8.
170
What is 2 (base 12) in base 13?
2
Convert 31 (base 5) to base 14.
12
What is -4 (base 13) in base 14?
-4
What is 1 (base 13) in base 16?
1
Convert 103 (base 4) to base 7.
25
What is -3 (base 16) in base 9?
-3
What is 111 (base 2) in base 10?
7
What is -110111 (base 2) in base 9?
-61
-19 (base 12) to base 15
-16
Convert 101 (base 2) to base 4.
11
Convert -88 (base 14) to base 7.
-231
10010 (base 3) to base 12
70
Convert 14 (base 5) to base 8.
11
3 (base 7) to base 10
3
What is 2 (base 16) in base 12?
2
Convert -1010 (base 3) to base 7.
-42
Convert d (base 16) to base 5.
23
Convert -8 (base 15) to base 8.
-10
-14 (base 5) to base 13
-9
What is -1 (base 13) in base 4?
-1
Convert -7 (base 11) to base 3.
-21
What is -107 (base 8) in base 11?
-65
33 (base 5) to base 2
10010
Convert 8 (base 12) to base 10.
8
Convert -10 (base 5) to base 11.
-5
Convert -96 (base 14) to base 8.
-204
9 (base 10) to base 12
9
-4 (base 15) to base 8
-4
-20 (base 5) to base 3
-101
What is -2 (base 8) in base 16?
-2
Convert 5 (base 6) to base 4.
11
What is 210 (base 6) in base 5?
303
-1 (base 16) to base 11
-1
What is -35 (base 14) in base 2?
-101111
Convert 4 (base 10) to base 3.
11
Convert 3 (base 12) to base 4.
3
Convert 0 (base 4) to base 16.
0
3 (base 5) to base 9
3
What is -3 (base 14) in base 2?
-11
-2 (base 14) to base 5
-2
4 (base 13) to base 15
4
What is 323 (base 9) in base 11?
220
Convert -3 (base 7) to base 9.
-3
100 (base 2) to base 12
4
What is a (base 11) in base 9?
11
Convert -2 (base 6) to base 12.
-2
What is -1043 (base 5) in base 10?
-148
What is 7 (base 15) in base 11?
7
-11 (base 11) to base 5
-22
Convert -125 (base 7) to base 11.
-62
Convert -dc (base 15) to base 6.
-543
42 (base 16) to base 8
102
What is e0 (base 16) in base 7?
440
5 (base 10) to base 8
5
158 (base 15) to base 12
218
-1020 (base 5) to base 15
-90
What is 0 (base 15) in base 12?
0
4 (base 9) to base 15
4
1 (base 5) to base 9
1
-3 (base 4) to base 14
-3
-67 (base 10) to base 12
-57
-3 (base 15) to base 2
-11
Convert 100 (base 2) to base 3.
11
-14 (base 12) to base 15
-11
Convert -10110 (base 4) to base 9.
-336
26 (base 8) to base 14
18
What is 42 (base 14) in base 2?
111010
Convert -1110 (base 2) to base 6.
-22
Convert -101 (base 2) to base 11.
-5
-1112 (base 3) to base 16
-29
Convert 28 (base 10) to base 3.
1001
Convert -3 (base 5) to base 3.
-10
Convert 44 (base 13) to base 8.
70
-49 (base 15) to base 3
-2120
Convert 27 (base 14) to base 10.
35
0 (base 5) to base 9
0
4 (base 15) to base 2
100
Convert 3 (base 12) to base 3.
10
What is -3 (base 12) in base 9?
-3
What is 23 (base 16) in base 10?
35
What is -87 (base 10) in base 2?
-1010111
What is 18 (base 16) in base 5?
44
c (base 16) to base 11
11
What is 13 (base 5) in base 15?
8
5 (base 6) to base 15
5
What is -255 (base 8) in base 15?
-b8
Convert 11 (base 6) to base 14.
7
-14d (base 16) to base 9
-410
Convert -17 (base 8) to base 9.
-16
111 (base 3) to base 4
31
What is 81 (base 16) in base 10?
129
Convert -2 (base 9) to base 3.
-2
110011 (base 2) to base 14
39
-56 (base 11) to base 16
-3d
Convert 165 (base 9) to base 12.
b8
Convert -27 (base 8) to base 6.
-35
Convert -10 (base 2) to base 16.
-2
Convert 6 (base 7) to base 4.
12
What is -16 (base 7) in base 4?
-31
Convert 4 (base 10) to base 13.
4
Convert 6 (base 16) to base 5.
11
7a (base 11) to base 9
106
Convert -6a (base 16) to base 3.
-10221
Convert -165 (base 7) to base 2.
-1100000
-2 (base 3) to base 9
-2
Convert 3 (base 14) to base 13.
3
Convert 0 (base 15) to base 6.
0
What is -4 (base 9) in base 16?
-4
What is -1 (base 11) in base 10?
-1
Convert 2 (base 13) to base 12.
2
What is -4c (base 14) in base 15?
-48
Convert -5 (base 11) to base 2.
-101
Convert 38 (base 15) to base 5.
203
Convert -16 (base 8) to base 4.
-32
Convert 4 (base 15) to base 8.
4
What is -3a (base 13) in base 6?
-121
4 (base 16) to base 14
4
33 (base 7) to base 9
26
Convert d (base 14) to base 8.
15
-6 (base 16) to base 11
-6
-6 (base 8) to base 2
-110
14 (base 13) to base 3
122
-46 (base 13) to base 16
-3a
144 (base 5) to base 8
61
-25 (base 8) to base 5
-41
What is 10112 (base 3) in base 14?
6b
Convert 0 (base 5) to base 7.
0
Convert -16 (base 12) to base 5.
-33
Convert 320 (base 10) to base 6.
1252
What is -6 (base 16) in base 3?
-20
Convert -2230 (base 4) to base 7.
-334
Convert -10200 (base 3) to base 7.
-201
Convert -28 (base 9) to base 16.
-1a
115 (base 10) to base 16
73
4 (base 8) to base 7
4
1 (base 4) to base 13
1
What is 211 (base 3) in base 5?
42
11 (base 5) to base 9
6
-1100 (base 2) to base 6
-20
Convert -22 (base 11) to base 4.
-120
What is -101 (base 5) in base 6?
-42
What is d (base 15) in base 11?
12
16 (base 8) to base 16
e
-27 (base 15) to base 2
-100101
15 (base 6) to base 4
23
66 (base 9) to base 4
330
Convert 3 (base 9) to base 14.
3
Convert -1 (base 16) to base 12.
-1
-101 (base 5) to base 12
-22
What is -23 (base 6) in base 8?
-17
Convert -222 (base 8) to base 12.
-102
What is -11 (base 3) in base 8?
-4
Convert 1 (base 9) to base 8.
1
Convert 10 (base 4) to base 7.
4
5 (base 12) to base 9
5
Convert -114 (base 9) to base 13.
-73
Convert 3 (base 13) to base 3.
10
What is -433 (base 8) in base 4?
-10123
-53 (base 9) to base 5
-143
What is -4 (base 10) in base 14?
-4
Convert 40 (base 5) to base 9.
22
What is 1 (base 2) in base 11?
1
What is 0 (base 15) in base 2?
0
What is 52 (base 16) in base 5?
312
-10 (base 3) to base 8
-3
Convert 126 (base 15) to base 10.
261
Convert 1002 (base 4) to base 8.
102
Convert 1 (base 12) to base 15.
1
Convert -20 (base 11) to base 14.
-18
What is 4 (base 11) in base 10?
4
What is -11 (base 3) in base 15?
-4
Convert 67 (base 8) to base 15.
3a
What is 5 (base 10) in base 4?
11
What is -3 (base 13) in base 4?
-3
44 (base 5) to base 10
24
Convert -11 (base 4) to base 9.
-5
2 (base 11) to base 8
2
Convert -4 (base 6) to base 10.
-4
Convert -20 (base 9) to base 16.
-12
1142 (base 5) to base 4
2230
Convert -10 (base 2) to base 4.
-2
Convert -1011110 (base 2) to base 15.
-64
Convert b7 (base 14) to base 12.
115
-5 (base 13) to base 15
-5
What is -12200 (base 3) in base 7?
-306
Convert 15 (base 12) to base 8.
21
-324 (base 6) to base 12
-a4
Convert 43 (base 9) to base 5.
124
What is -202 (base 6) in base 2?
-1001010
-5 (base 6) to base 2
-101
What is -b8 (base 12) in base 8?
-214
Convert -4 (base 14) to base 3.
-11
What is 14 (base 16) in base 5?
40
What is -1 (base 16) in base 6?
-1
101110 (base 2) to base 6
114
Convert 0 (base 10) to base 11.
0
Convert 1 (base 13) to base 15.
1
Convert -5 (base 16) to base 5.
-10
Convert -60 (base 11) to base 10.
-66
Convert -34 (base 5) to base 3.
-201
Convert -43 (base 10) to base 8.
-53
-1 (base 6) to base 12
-1
Convert 0 (base 13) to base 8.
0
Convert 1 (base 4) to base 12.
1
-15c (base 14) to base 13
-185
Convert 14 (base 16) to base 12.
18
Convert -5 (base 8) to base 3.
-12
2 (base 7) to base 6
2
Convert -4 (base 9) to base 4.
-10
What is 86 (base 10) in base 6?
222
Convert -10 (base 2) to base 5.
-2
What is 12 (base 10) in base 14?
c
What is 11012 (base 4) in base 6?
1302
Convert 11110000 (base 2) to base 7.
462
Convert 4 (base 10) to base 6.
4
What is -47 (base 8) in base 7?
-54
What is -61 (base 14) in base 12?
-71
What is -1 (base 16) in base 2?
-1
What is -132 (base 4) in base 8?
-36
Convert -47 (base 9) to base 5.
-133
What is 5 (base 7) in base 9?
5
-6 (base 7) to base 6
-10
-b (base 15) to base 9
-12
Convert -10101 (base 3) to base 5.
-331
Convert -11 (base 13) to base 15.
-e
What is 1 (base 8) in base 9?
1
2220 (base 3) to base 16
